 = 0, u*b + 39 = 3*w - 59. What is the highest common factor of 128 and w?
32
Let n = -7918 + 7988. What is the greatest common divisor of 1414 and n?
14
Let r(h) = 3*h - 42. Let s be r(3). Let l be (1/(1 - -2))/(s/(-297)). What is the greatest common factor of 3 and l?
3
Let u be (73448/15)/4 + ((-620)/(-150))/(-31). What is the highest common divisor of u and 516?
12
Suppose 681*p = -4647757 + 7679315 + 4979726. What is the greatest common divisor of p and 68?
68
Let m(q) = 8*q + 69. Let p be m(-12). Let f be (3 - p) + -1 - (15 + -9). Let h = -22 + 45. Calculate the greatest common divisor of h and f.
23
Let t = -1023 - -1039. Suppose 4*f - t = 0, 13 = -4*r + 4*f + 45. Let h = 74 - 14. Calculate the highest common divisor of h and r.
12
Suppose 2*t + 3*c = 6*c + 133, -4*c + 12 = 0. Let i = t + -65. Suppose k - i = 30. What is the greatest common factor of k and 54?
18
Suppose 0 = -2*u, 6*k - 2*k + 1500 = -u. Let i(t) = 6*t**2 - 3*t + 24. Let x be i(11). Let h = k + x. Calculate the highest common factor of 38 and h.
38
Suppose 7*c - 34 - 190 = 0. Suppose -185 = c*y - 37*y. Suppose 33*f = y*f - 352. Calculate the highest common divisor of f and 8.
8
Let n be (-315)/(-14)*12/15. Let f be -3 - (1 + 1) - -3. Let s be (15/f)/((-6 - -4)/12). Calculate the greatest common divisor of n and s.
9
Suppose 4*m + 3*z - 19 = 0, 4*m - 17 = -4*z + 7. Let q be (m - 3 - 2) + 52. Suppose -5*p + 392 = -q. What is the highest common divisor of p and 11?
11
Suppose -50 = -3*v + 5*q, 5*q + 18 = v - 2. Suppose -v*h - 60 = -17*h. What is the highest common divisor of 330 and h?
30
Let t be 2/11 + 33256/44. Suppose -3*p + d + 572 = -0*d, -4*p + t = -3*d. Suppose -b - 32 + p = 0. What is the greatest common factor of b and 20?
20
Let a be (-637)/(-1) - (16 + -21). Suppose -2*h + a = 2*j, -73 - 254 = -h - 4*j. Calculate the greatest common factor of h and 29.
29
Let q = 4674 - -3776. Suppose -54*d + q + 9316 = 0. Calculate the greatest common divisor of 188 and d.
47
Let m(v) = -v**2 - 20*v - 118. Let g be m(-10). Let s be ((g - -7) + 6)*-17. What is the greatest common factor of 34 and s?
17
Let o(x) = -3*x + 6. Let j be o(1). Suppose 3*b + 84 = 10*b. What is the greatest common divisor of b and j?
3
Let h(r) = 79*r**2 - 78*r + 82. Let k be h(1). Calculate the highest common factor of 11 and k.
1
Let b = -1271 - -2338. Suppose -26*d - 319 = -55*d. What is the greatest common factor of d and b?
11
Suppose -2*d - 2668 = -2*q, -3*d + 1433 = -2*q + 4097. What is the greatest common divisor of 6 and q?
6
Suppose 8*t = 10*t + 4*v - 1084, -5*v - 2220 = -4*t. Suppose b = -5*m + 110, -6*m - 3*b = -3*m - 66. What is the highest common factor of m and t?
22
Let u(p) = -17 - 2*p**3 - 1 - 266*p + 241*p + 55*p**2 - 20. Let a be u(27). Let l be ((-16)/(-10))/(2/10). What is the highest common divisor of l and a?
8
Let r(w) = w**3 + 39*w**2 - 41*w - 40. Let b be r(-40). Suppose 9*t - 607 - 545 = b. Calculate the highest common divisor of t and 160.
32
Suppose -84*g + 340860 = -27*g. Calculate the greatest common factor of g and 2093.
299
Let q(l) = 532*l - 208. Let p be q(28). What is the greatest common factor of 34 and p?
34
Let h = 534 + -778. Let x = h - -268. Calculate the greatest common divisor of x and 64.
8
Let d be 21*(3 - (5 - 4)). Let b be (2 - d)*(-4)/(5 + 3). What is the greatest common divisor of 110 and b?
10
Suppose -5*i = -3*y - 1638 - 7530, 2*y = -3*i + 5516. What is the greatest common factor of i and 3366?
306
Suppose 0 = -111*k - 94*k + 15990. Calculate the highest common divisor of 6942 and k.
78
Let u = -675 - -684. Let w = -10 - -20. Let r be (63/5)/(2/w). What is the highest common factor of r and u?
9
Let r = 1835 - 431. What is the highest common factor of 819 and r?
117
Let h(d) = 9*d**2 + d + 8. Let f be h(-4). Let c = -127 + f. Calculate the highest common divisor of 63 and c.
21
Let n be 8/12 - ((-374)/6 + 2). Let r = 123 - n. Suppose -2*d + 34 = -h, -3*d - 11 + r = h. What is the highest common divisor of d and 85?
17
Let i be 1065*9*(-70)/(-378). What is the highest common divisor of 142 and i?
71
Let l be (3/6)/((-1)/(-48)). Let r(z) = -2*z - 50. Let k be r(-29). Let m be (k/(-42)*-9)/((-1)/(-42)). Calculate the greatest common factor of m and l.
24
Let j be 156/(-3)*13860/(-880). What is the highest common divisor of 221 and j?
13
Let x(w) be the first derivative of -w**4/4 - 19*w**3/3 - w**2/2 + 11*w + 28. Let q be x(-19). What is the greatest common divisor of q and 9?
3
Let n be 11/(-2*(-2)/4). Let o(t) = t**3 - 11*t**2 - t + 15. Let z be o(n). Suppose -2*a = z*x - a - 6, x = -a. What is the highest common factor of x and 5?
1
Suppose -3*v = -4*b + 39, -38 = -4*b + 3*v - v. Let u be 1/((-6)/b + 1). Suppose 4*k = u*k + 17. Calculate the highest common factor of 119 and k.
17
Suppose 170 - 2564 = -14*k. What is the greatest common factor of 437 and k?
19
Suppose -18*b - 24 = -24*b. Suppose 3*k - s - 2*s - 354 = 0, b*k - 478 = s. What is the greatest common divisor of 15 and k?
15
Suppose -2*o - 2*d + 548 = 0, -2*o + 472 = d - 72. Let n(p) = -179*p + 1. Let w be n(-1). What is the highest common factor of w and o?
90
Suppose -115*l + 15892 + 1358 = 0. Calculate the greatest common factor of l and 1422.
6
Let o be -9 - ((-585)/(-60))/((-3)/156). Calculate the highest common factor of o and 258.
6
Suppose -3*d = k - 2*d - 618, 0 = 4*d. Let p = 729 - k. Calculate the greatest common factor of 185 and p.
37
Suppose -3*l + 6*l = -2*r - 561, -5*r + l - 1445 = 0. Let p(w) = -339*w - 101. Let z be p(1). Let g = r - z. What is the greatest common factor of g and 19?
19
Let c be 4/2*557 - (-474)/79. Calculate the highest common factor of 49 and c.
7
Suppose 0 = 59*s - 123*s + 36864. What is the greatest common divisor of 504 and s?
72
Suppose 63*o - 10708 = -87*o + 8492. Calculate the greatest common factor of 4736 and o.
128
Suppose 0 = -5*z + 3*z + 10. Suppose z*v - 8*v = 0. Suppose v*n = -6*n + 276. What is the greatest common divisor of 184 and n?
46
Let z = 20739 - 20721. Calculate the greatest common divisor of z and 1125.
9
Let q = -106 + 118. Suppose 0 = -11*j + q*j - 51. Calculate the greatest common divisor of j and 153.
51
Let t(b) be the second derivative of -b**5/20 + b**4/4 + 23*b**3/6 + 3*b**2/2 + 43*b. Let y be t(-6). Calculate the greatest common divisor of y and 14.
7
Let z(d) = d**3 + 49*d**2 + 43*d + 42. Let b be z(-48). Let y be b - ((-35)/(-5) + 0). Calculate the highest common divisor of 75 and y.
25
Suppose d + 2*p - 1 = -0, 0 = -5*d + 3*p + 70. Let t = 23 - d. Suppose i = 5*o + 206, 35*o - 458 = -3*i + 34*o. What is the highest common factor of t and i?
12
Suppose -q = 0, 0*j + 4*q + 60 = 2*j. Suppose -6541 = -109*w + 34334. What is the highest common factor of j and w?
15
Let k(h) = 7*h**2 - 8*h - 9*h**2 + 3*h**2 + 0*h**2 + 12. Let t be k(12). What is the highest common divisor of 24 and t?
12
Let b(j) = -18 + 6*j - 19 - 28. Let t be b(23). Let x = -31 + t. Calculate the greatest common divisor of x and 6.
6
Let v = 55 + -33. Let j(o) be the third derivative of o**4/12 - 14*o**3/3 + 2289*o**2. Let u be j(v). Calculate the greatest common divisor of 208 and u.
16
Suppose 0 = -0*y - 2*y + 252. Suppose 236*q = 41*q - 333*q + 9504. What is the greatest common divisor of y and q?
18
Suppose -4*v + 11436 = -4*x, -4*x - 1197 - 4509 = -2*v. Calculate the greatest common divisor of 165 and v.
15
Suppose -1 + 4 = l. Let h be 2/(-1) - ((-24)/(-8) - l). Let y be 4 + 9 - (h + 2 + -3). What is the greatest common divisor of y and 4?
4
Suppose -2*f + 225 = 59. Let m = f - -7. Calculate the highest common factor of m and 12.
6
Let z = -317 + 997. Suppose 0 = -2*x + 8, -5*x + 5 = l - 18. Suppose -y = l*y - z. Calculate the highest common divisor of y and 10.
10
Suppose -5*f - 37 = -2*s, 3*s - f - 36 = -0*f. Suppose -14*k + 53 = 25. Let g be 6 - (78/(-16) - k/16). What is the greatest common factor of s and g?
11
Let o = -273 + 136. Let h = o + 194. What is the greatest common factor of 95 and h?
19
Suppose -2*a = -5*m + 243, -8*a + 32 = 4*m - 172. What is the highest common factor of 6713 and m?
49
Suppose -4*a + 2*v + 6 + 152 = 0, -5*a + 196 = -4*v. Calculate the greatest common factor of 190 and a.
10
Suppose -4*c - 2*h = 106, 6 = -3*c + 3*h 